{"id":15,"date":"2026-03-29T12:24:31","date_gmt":"2026-03-29T12:24:31","guid":{"rendered":"http:\/\/www.alliancehypoxie.ch\/?page_id=15"},"modified":"2026-03-29T12:28:38","modified_gmt":"2026-03-29T12:28:38","slug":"sessions-hypoxie-entrainement","status":"publish","type":"page","link":"https:\/\/www.alliancehypoxie.ch\/index.php\/sessions-hypoxie-entrainement\/","title":{"rendered":"Sessions Hypoxie &amp; Entra\u00eenement"},"content":{"rendered":"\n<h2 class=\"wp-block-heading\">Hypoxie intermittente (IHT) combin\u00e9e \u00e0 des exercices adapt\u00e9s pour activer le m\u00e9tabolisme et am\u00e9liorer l\u2019endurance.<\/h2>\n","protected":false},"excerpt":{"rendered":"<p>Hypoxie intermittente (IHT) combin\u00e9e \u00e0 des exercices adapt\u00e9s pour activer le m\u00e9tabolisme et am\u00e9liorer l\u2019endurance.<\/p>\n","protected":false},"author":1,"featured_media":0,"parent":0,"menu_order":0,"comment_status":"closed","ping_status":"closed","template":"","meta":{"footnotes":""},"class_list":["post-15","page","type-page","status-publish","hentry"],"_links":{"self":[{"href":"https:\/\/www.alliancehypoxie.ch\/index.php\/wp-json\/wp\/v2\/pages\/15","targetHints":{"allow":["GET"]}}],"collection":[{"href":"https:\/\/www.alliancehypoxie.ch\/index.php\/wp-json\/wp\/v2\/pages"}],"about":[{"href":"https:\/\/www.alliancehypoxie.ch\/index.php\/wp-json\/wp\/v2\/types\/page"}],"author":[{"embeddable":true,"href":"https:\/\/www.alliancehypoxie.ch\/index.php\/wp-json\/wp\/v2\/users\/1"}],"replies":[{"embeddable":true,"href":"https:\/\/www.alliancehypoxie.ch\/index.php\/wp-json\/wp\/v2\/comments?post=15"}],"version-history":[{"count":2,"href":"https:\/\/www.alliancehypoxie.ch\/index.php\/wp-json\/wp\/v2\/pages\/15\/revisions"}],"predecessor-version":[{"id":20,"href":"https:\/\/www.alliancehypoxie.ch\/index.php\/wp-json\/wp\/v2\/pages\/15\/revisions\/20"}],"wp:attachment":[{"href":"https:\/\/www.alliancehypoxie.ch\/index.php\/wp-json\/wp\/v2\/media?parent=15"}],"curies":[{"name":"wp","href":"https:\/\/api.w.org\/{rel}","templated":true}]}}